omposite number?
True
Is 16495 a composite number?
True
Is 135319 prime?
True
Is 118871 prime?
False
Is 10757 prime?
False
Is 31379 composite?
False
Is 87833 prime?
True
Is 330149 prime?
True
Is 26309 a prime number?
True
Is 2419 prime?
False
Is 417461 prime?
False
Is 59941 a composite number?
True
Is 541787 composite?
True
Is 309547 composite?
True
Is 212379 prime?
False
Is 14369 a composite number?
False
Is 760317 a prime number?
False
Is 13963 a composite number?
False
Is 12713 a composite number?
False
Is 4889 a composite number?
False
Is 45233 a composite number?
False
Is 2394881 composite?
False
Is 16759 composite?
False
Is 1014359 a prime number?
True
Is 98497 a composite number?
True
Is 22702 composite?
True
Is 25261 prime?
True
Is 253 prime?
False
Is 67703 a prime number?
False
Is 1182523 prime?
False
Is 306107 composite?
True
Is 2779 composite?
True
Is 557 prime?
True
Is 12514 composite?
True
Is 210157 composite?
False
Is 399851 a prime number?
True
Is 120811 a prime number?
True
Is 617798 a composite number?
True
Is 45647 composite?
True
Is 60823 composite?
True
Is 9923 prime?
True
Is 2999 a prime number?
True
Is 132551 composite?
True
Is 13479 a composite number?
True
Is 3163 prime?
True
Is 108331 composite?
True
Is 184573 composite?
True
Is 300841 composite?
True
Is 149987 composite?
True
Is 237317 a composite number?
True
Is 7621 composite?
False
Is 65321 a composite number?
True
Is 25495 a prime number?
False
Is 14843 a prime number?
True
Is 745 a composite number?
True
Is 9967 prime?
True
Is 15697 composite?
True
Is 90983 a composite number?
True
Is 31013 a composite number?
False
Is 9311 prime?
True
Is 367949 composite?
False
Is 406169 composite?
False
Is 515737 prime?
True
Is 49613 prime?
True
Is 12077 a prime number?
False
Is 59591 a prime number?
False
Is 10537 composite?
True
Is 1211 prime?
False
Is 29441 prime?
False
Is 474263 a composite number?
False
Is 4327 prime?
True
Is 27163 composite?
True
Is 242227 a composite number?
False
Is 4967 composite?
False
Is 1949 a composite number?
False
Is 11443 composite?
False
Is 1647091 composite?
True
Is 4069051 composite?
True
Is 481947 composite?
True
Is 7411 a composite number?
False
Is 40343 prime?
True
Is 1340123 a composite number?
True
Is 5017 prime?
False
Is 3518623 composite?
False
Is 398609 a composite number?
False
Is 1159127 composite?
False
Is 2452993 a composite number?
True
Is 78121 prime?
True
Is 3957 prime?
False
Is 706967 prime?
False
Is 191227 a prime number?
True
Is 32483 prime?
False
Is 13997 a prime number?
True
Is 23645 composite?
True
Is 1415411 a composite number?
False
Is 2504885 composite?
True
Is 144663 a composite number?
True
Is 8663 prime?
True
Is 12603 composite?
True
Is 3545 a prime number?
False
Is 305817 a composite number?
True
Is 81329 prime?
False
Is 2473 a composite number?
False
Is 27463 prime?
False
Is 691087 a composite number?
True
Is 1428671 prime?
True
Is 33083 a prime number?
True
Is 359633 a prime number?
True
Is 341693 prime?
False
Is 653899 a composite number?
False
Is 12569 prime?
True
Is 2461901 a prime number?
False
Is 356599 prime?
False
Is 131339 prime?
False
Is 273257 composite?
True
Is 224222 a composite number?
True
Is 229459 prime?
True
Is 1623283 a prime number?
True
Is 803849 a prime number?
True
Is 1139713 prime?
True
Is 204707 a prime number?
True
Is 45161 composite?
False
Is 56698 prime?
False
Is 271 composite?
False
Is 493 a composite number?
True
Is 27997 composite?
False
Is 525671 prime?
True
Is 243599 prime?
False
Is 6401 prime?
False
Is 171517 a prime number?
True
Is 2413 a composite number?
True
Is 3097 composite?
True
Is 439 composite?
False
Is 9179 prime?
False
Is 10079 a composite number?
False
Is 4072919 a prime number?
True
Is 275263 a composite number?
False
Is 490673 a composite number?
True
Is 1399 a composite number?
False
Is 191339 prime?
True
Is 543281 a prime number?
True
Is 38851 prime?
True
Is 17639 composite?
True
Is 76759 a composite number?
True
Is 102481 a prime number?
True
Is 181471 a composite number?
True
Is 3013135 a prime number?
False
Is 156381 a prime number?
False
Is 285971 a prime number?
False
Is 1283681 prime?
False
Is 2253 composite?
True
Is 369559 a composite number?
True
Is 4673 composite?
False
Is 35617 composite?
False
Is 539117 prime?
False
Is 8473 a prime number?
False
Is 6731 composite?
True
Is 845453 a prime number?
False
Is 6607 a composite number?
False
Is 4391 composite?
False
Is 494023 a composite number?
False
Is 27301 a composite number?
True
Is 838 prime?
False
Is 4265 prime?
False
Is 8997 composite?
True
Is 3847 prime?
True
Is 295838 prime?
False
Is 8201 a composite number?
True
Is 45049 prime?
False
Is 5723 a composite number?
True
Is 2659 composite?
False
Is 2006869 a prime number?
True
Is 66271 a prime number?
True
Is 7258009 a composite number?
True
Is 2170705 prime?
False
Is 4661 composite?
True
Is 14621 a prime number?
True
Is 47599 a composite number?
False
Is 645283 composite?
True
Is 3973 a prime number?
False
Is 109401 composite?
True
Is 7841 a composite number?
False
Is 8359 composite?
True
Is 49597 a prime number?
True
Is 62461 a prime number?
False
Is 65411 composite?
True
Is 323966 prime?
False
Is 44351 a prime number?
True
Is 291639 a prime number?
False
Is 2227 a prime number?
False
Is 515667 a prime number?
False
Is 235111 a prime number?
True
Is 661987 composite?
False
Is 251159 prime?
True
Is 59523 a prime number?
False
Is 24083 prime?
True
Is 21871 composite?
False
Is 24047 composite?
True
Is 25153 a prime number?
True
Is 1245935 a prime number?
False
Is 34657 a composite number?
True
Is 14635 composite?
True
Is 223 a composite number?
False
Is 144283 prime?
False
Is 719813 a composite number?
False
Is 217477 a prime number?
False
Is 890699 prime?
False
Is 38767 prime?
True
Is 2437 a prime number?
True
Is 27785 prime?
False
Is 12637 prime?
True
Is 308515 composite?
True
Is 43009 a composite number?
True
Is 27571 a composite number?
True
Is 9587 prime?
True
Is 10713 a prime number?
False
Is 8663 composite?
False
Is 9293 a composite number?
False
Is 122369 a composite number?
True
Is 153059 composite?
False
Is 24287 a prime number?
False
Is 323693 a composite number?
True
Is 11677 a composite number?
False
Is 96109 a prime number?
False
Is 612473 composite?
True
Is 1326311 a prime number?
False
Is 22549 a prime number?
True
Is 36587 a prime number?
True
Is 204749 prime?
True
Is 295927 a composite number?
True
Is 718777 composite?
True
Is 1240243 a composite number?
True
Is 726745 a prime number?
False
Is 4909 prime?
True
Is 7316513 a prime number?
True
Is 9673 composite?
True
Is 8261 composite?
True
Is 316411 a composite number?
True
Is 24873 a composite number?
True
Is 1669 a prime number?
True
Is 80309 prime?
True
Is 31469 composite?
False
Is 122659 prime?
False
Is 32493 a prime number?
False
Is 114269 a composite number?
False
Is 789 a composite number?
True
Is 1827361 composite?
False
Is 239147 a prime number?
True
Is 11957 composite?
True
Is 174649 a composite number?
False
Is 72859 composite?
False
Is 2887 a prime number?
True
Is 1931 prime?
True
Is 117937 a prime number?
True
Is 5780759 a prime number?
True
Is 43205 a prime number?
False
Is 534867 a composite number?
True
Is 622837 prime?
False
Is 2498 prime?
False
Is 35051 a composite number?
False
Is 754067 a composite number?
False
Is 5048647 composite?
False
Is 21121 composite?
False
Is 2743 prime?
False
Is 1234 a prime number?
False
Is 19243 a composite number?
True
Is 840293 a composite number?
True
Is 4369 prime?
False
Is 48457 composite?
True
Is 5299 a prime number?
False
Is 13523 composite?
False
Is 13033 a prime number?
True
Is 5923 composite?
False
Is 11287 a composite number?
False
Is 16127 a prime number?
True
Is 96917 a composite number?
True
Is 22403 prime?
False
Is 119285 a composite number?
True
Is 30766 prime?
False
Is 32989 a composite number?
True
Is 8747 prime?
True
Is 213019 prime?
True
Is 15103 a prime number?
False
Is 65179 a prime number?
True
Is 1828378 composite?
True
Is 21057 a prime number?
False
Is 936827 a composite number?
False
Is 298589 a prime number?
True
Is 30059 prime?
True
Is 9601 composite?
False
Is 15227 a composite number?
False
Is 2853503 a compo